tor of 27 and g?
27
Suppose -2*f - 5*l + 19 = 2*f, 5*f - 28 = -2*l. Let u = -4 + f. Let c be 696/44 + 18/99. What is the highest common divisor of c and u?
2
Suppose 219*v + 15610 = 718819. Calculate the greatest common divisor of v and 338.
169
Suppose -3200 = -495*f + 485*f. What is the greatest common divisor of 280 and f?
40
Let f = 221 - 76. Suppose 14*w = f - 89. Calculate the greatest common factor of w and 16.
4
Suppose 0 = 116*l + l - 294372. Calculate the greatest common divisor of l and 17.
17
Suppose -547 = 5*l - 1787. Let z(j) = j**3 + 2*j**2 + j + 31. Let f be z(0). Calculate the highest common factor of l and f.
31
Suppose -16758 = -70*t + 52*t. Let k = t + -661. Suppose -216 = b - 3*b. What is the greatest common divisor of b and k?
54
Suppose 4*c + 46 - 2 = 4*w, 4*w - 3*c - 41 = 0. Calculate the greatest common factor of 332 and w.
4
Let j(l) = -41*l + 103. Let k(r) = -40*r + 101. Let a(t) = 5*j(t) - 6*k(t). Let d be a(3). Calculate the highest common divisor of 434 and d.
14
Suppose -29 = 10*u - g - 134, 4*u + g - 35 = 0. Calculate the highest common factor of u and 28270.
10
Let s be 70/50 - 6/(-10). Let i(w) = 13*w**2 - w. Let f be i(s). Suppose g + 0*t = -t + 7, t + 43 = 4*g. Calculate the greatest common factor of g and f.
10
Let s(h) = -3*h**2 + 10*h - 3. Let v be s(3). Suppose 4*o + v*o = -u + 4, -5*u + 5*o + 145 = 0. Calculate the greatest common factor of 216 and u.
24
Suppose 3*z - 2*j = 20520, -3*z - 3*j + 11416 = -9104. Suppose -z - 8916 = -12*g. What is the greatest common factor of g and 13?
13
Let n be (-36)/(-8)*4/(-6). Let c be (4/(-5))/(5/(-25)). Let f be (n - -1) + c - 1. Calculate the greatest common factor of 11 and f.
1
Suppose 2*q = 3*a - 505 + 558, -5*q = -3*a - 119. Let m(y) = 34*y**2 + 2. Let k be m(3). Calculate the highest common divisor of q and k.
22
Let s(o) = -2*o**2 + 48*o - 127. Let p be s(9). What is the greatest common factor of p and 649?
11
Let y be (7*51/(-1428))/((-1)/832). Let p be (2/(-4))/(3/(-96)). Calculate the highest common factor of p and y.
16
Let d be 6 + -3 + (-1 - -1). Suppose d*c = -q + 89, -c - 3*q = 2*c - 93. Suppose 0 = 56*s - 1143 - 481. What is the highest common divisor of s and c?
29
Suppose 8244 = 3*n - 6*y + 8*y, -2*n + 5534 = -5*y. What is the highest common divisor of 43 and n?
43
Let u be -7 + -2 + 5 - -25. Let c(r) = 8*r + 335. Let z be c(-34). What is the greatest common divisor of u and z?
21
Let a be ((-968)/40)/((-19)/2565). What is the highest common factor of 462 and a?
33
Let l(u) = 22*u**2 + 4*u. Let m be l(3). Let t be (-1011)/(-12) + 7 + 9/(-4) + -5. Calculate the greatest common divisor of m and t.
42
Let y(k) = 39*k + 3480. Let r be y(-81). What is the highest common factor of r and 15?
3
Let a(u) = 3572*u + 211. Let r be a(2). Calculate the greatest common divisor of r and 5.
5
Let r = -11331 - -11506. What is the highest common divisor of 115 and r?
5
Let r be ((-3)/(6/(-4)))/(6/36). Let w be r/(2 - 4/8). Let t = w - -27. What is the greatest common factor of 105 and t?
35
Suppose 68*t + 23699 = 510351 - 30712. What is the highest common divisor of 45 and t?
45
Let s = 58 + -38. Let v be (-1152)/(-10) - 4/s. Let z be 2/(0 + (-1)/(115/(-10))). Calculate the greatest common divisor of z and v.
23
Let x be (0 - 722)*(5/(-2) - -2). Let m be (-38)/x - (-384)/38. What is the greatest common divisor of 190 and m?
10
Let u(p) = p**3 + 2*p**2 - 19*p + 160. Let t be u(10). Calculate the highest common factor of 72 and t.
18
Let j(i) = -158*i - 84*i - 79*i + 113. Let f be j(-4). What is the highest common factor of f and 11?
11
Suppose -d - 4*o + 25 = -6*o, o + 161 = 5*d. Let t = -580 + 568. Let p = t + d. Calculate the greatest common divisor of 14 and p.
7
Suppose -4*d + 15 = b - 0, 0 = 3*b - 6*d - 153. What is the highest common factor of b and 325?
13
Suppose 253 = 3*b - 626. Suppose 297*n - b*n - 260 = 0. What is the highest common divisor of n and 13?
13
Suppose 446 = 2*y - 340. Let b = y - 312. What is the highest common factor of b and 9?
9
Let i be (222/(-18) + 7)*-54. Suppose 3*y - i = 174. Calculate the greatest common divisor of 42 and y.
14
Suppose 40*w = 15402 + 22998. What is the greatest common factor of 420 and w?
60
Suppose 5*m = 4*q + 141, -4*m = 3*q + 2*q - 80. Let z be 27/5 - (-4)/(-10). What is the greatest common divisor of m and z?
5
Let p be (-4)/(-8) - 10/(-4). Suppose -2*f + 13 = u, -3*f - f + 20 = 0. Let x be 1/p - (-263)/u. Calculate the highest common divisor of x and 11.
11
Suppose -i + 91 = f + 54, -5*f = 3*i - 203. Calculate the highest common divisor of f and 80.
2
Suppose -4*s - 800 = -v, 3950 = 5*v - 2*s + 7*s. Suppose 21*l + l = v. What is the highest common factor of l and 54?
18
Let k(c) = -7*c + 2. Let l be k(5). Let x = 30 - l. Calculate the greatest common factor of x and 252.
63
Let k(j) = -72*j - 8. Let s be 3 - 1/(5/35). Let x be k(s). Suppose 0*p = -8*p + x. What is the greatest common factor of p and 7?
7
Let x = -9 + 15. Let l be 16/x*-30 + (-6)/(-2). Let k = -73 - l. Calculate the highest common divisor of 12 and k.
4
Let x be 53580/((-180)/(-15)) - 1. What is the highest common factor of x and 288?
144
Let d be (34438/(-536))/((-2 - 1) + (-213)/(-72)). Calculate the highest common factor of 2 and d.
2
Let j = -7174 - -7182. Let v be 92/((-3)/((-12)/2)). What is the greatest common divisor of j and v?
8
Let h = -10 + 35. Let k(s) = -5*s + 2*s + 4*s + h. Let p be k(-9). What is the greatest common factor of p and 16?
16
Let j be (125/2 + -1)/((-426)/(-3124)). What is the greatest common factor of j and 779?
41
Let i be (-151794)/(-33) + (-30)/(-825)*5. Calculate the greatest common divisor of i and 92.
92
Let k(r) = 80*r**2. Let v = 4 - 3. Suppose v = -8*l - 7. Let o be k(l). What is the greatest common divisor of 10 and o?
10
Let s(j) = -4 - 3 + 7*j**2 - 2*j + 1 + j**3. Let d be s(-3). Suppose 2*c - 69 = -5*v, 6*v - 4*v - d = -5*c. Calculate the highest common divisor of 13 and v.
13
Let r be -19*((0 - -4) + -5). Suppose -14*u = r - 271. What is the greatest common factor of 63 and u?
9
Suppose 3384 = 20*m - 36. Calculate the highest common factor of 1425 and m.
57
Let v be (-1231)/(-4) - 3*(-1)/12. Let q(h) = 6*h - 80. Let t be q(18). What is the greatest common factor of v and t?
28
Let y be 6/10 + (-5)/((-100)/528). Suppose -4*m - 28 = 4*z, 4*m + 3*z = -0*m - y. Let g be (-36)/m*(-33)/(-9). What is the greatest common divisor of 2 and g?
2
Let r be 15/(-5) - (-1 + -3). Let i be (r*-2)/((-45)/900). Calculate the greatest common factor of i and 5.
5
Suppose 0 = -27*z + 42*z - 2130. Let x = 175 - z. Calculate the highest common factor of x and 15.
3
Let i(l) = 8*l**2 + 23*l - 22. Let x(z) = -5*z**2 - 12*z + 10. Let f(g) = -3*i(g) - 5*x(g). Let u be f(2). Calculate the greatest common factor of u and 92.
2
Let c(d) be the third derivative of -d**6/120 + 11*d**5/60 - 3*d**4/8 + 11*d**3/6 + 90*d**2. Let u be c(7). What is the highest common factor of u and 80?
16
Suppose 0 = -4*k + 61 - 17. Suppose k - 11 = 3*a. Suppose -4*q - 5*v + 79 = a, q - 11 = -2*v + 11. What is the highest common factor of q and 32?
16
Suppose 0 = -15488*l + 16249*l - 18264. Suppose -57 = -4*o - d - 14, -o + 32 = -4*d. Let g = o - 0. Calculate the greatest common factor of l and g.
12
Let r be (-62)/(2/(-1)) + -1. Let y(a) = -321*a - 151 - 112 + 308*a - 156. Let z be y(-33). Calculate the greatest common divisor of z and r.
10
Suppose 6*f = 3*i - 552, -4*i + 3*f + 336 + 360 = 0. Calculate the greatest common factor of i and 2373.
21
Suppose 4*j = -a - 206, -5*j = a + 201 + 56. Let c = j - -53. Calculate the highest common factor of 3 and c.
1
Let x = 3424 - 355. Calculate the greatest common divisor of 62 and x.
31
Let h = 4181 + -1784. What is the highest common factor of h and 564?
141
Suppose 855 = -9*p + 24*p. Let o = 139 - p. Calculate the greatest common divisor of o and 123.
41
Let q be (44/10)/(91/141960). What is the highest common factor of 33 and q?
33
Suppose -4*x - 24 = 0, -4*x = 4*c - 2858 - 250. What is the highest common divisor of c and 675?
27
Let y(h) = 7*h - 40. Let z be y(8). Let s(m) = 26*m - 11. Let j be s(z). Calculate the highest common divisor of 15 and j.
15
Let l be (-5 - -173)*(-2)/4. Let k = -82 - l. Suppo